 7*x + 240*x**2 - 239*x**2 - 1. Let j be (-3)/5 + 37/(-5). Give s(j).
7
Suppose -7 = 2*v - 4*v + j, v - 4*j = 0. Let a(p) be the third derivative of p**6/120 - p**5/20 - 5*p**4/24 + 5*p**3/6 + 2*p**2 + 39*p. What is a(v)?
1
Let b(k) = 310*k**2 - 166*k**2 - 19*k + 21 - 145*k**2. Determine b(-19).
21
Let z(l) = -8*l + 44. Let o be (-110)/(-20) - (-9)/18. Determine z(o).
-4
Let w be 12/(-5)*5/1. Let o(r) = 4*r**3 - r**2 + r - 3. Let i(u) = -7*u**3 + 13*u**2 - 13*u + 23. Let b(n) = -i(n) - 2*o(n). What is b(w)?
-5
Let c(v) be the first derivative of v**2 - 4*v - 31. Give c(4).
4
Let o(m) be the third derivative of -m**4/24 - 5*m**3/6 - 305*m**2. Calculate o(1).
-6
Let i(l) = -1. Let w(h) = -h**2 - h + 1. Suppose 2*g - 6 = -2*g - 5*y, 0 = -3*g + 2*y - 7. Let u(j) = g*w(j) - 2*i(j). Give u(4).
21
Let h(j) = j**3 + 7*j**2 + 2*j + 1. Let m(x) = 2*x + 20. Let t be m(-10). Suppose t = 12*b - 2*b + 60. Give h(b).
25
Let r(h) = -h**3 + 6*h**2 + 4*h + 10. Suppose -80*z = -85*z + 35. Calculate r(z).
-11
Let g(q) = -q**3 - 6*q**2 + 3*q - 2. Let w(t) = -2*t**3 - 17*t**2 + 8*t - 6. Let v(x) = -8*g(x) + 3*w(x). Calculate v(3).
25
Let w(c) = 6*c**3 - 5*c**2 + 21*c - 9. Let v(m) = -m**3 + m**2 - 4*m + 2. Let n be 3/78*4 - (-282)/26. Let z(o) = n*v(o) + 2*w(o). Give z(-3).
-8
Let d(v) = v**3 - 8*v**2 + 3*v - 20. Let o be d(8). Suppose 5*n = -o*r + 19, 2*n + 4*r + 5 - 3 = 0. Let a(z) = z**3 - 7*z**2 + 2. Give a(n).
2
Let j(w) = w**3 + 5*w**2 - 2*w + 1. Let g(p) = -p**3 + 12*p - 20. Let f be g(2). Give j(f).
25
Let x(m) = -4*m**3 + m**2 - 13*m - 13. Let r(w) = w**3 + 3*w + 3. Suppose 38 = -4*s + k + k, 4*k + 41 = -5*s. Let d(n) = s*r(n) - 2*x(n). Give d(-2).
1
Let g = 31 - 19. Suppose 0 = -9*j + g*j + 6. Let o(c) = -c**3 + c. Give o(j).
6
Let x(n) be the second derivative of -n**4/6 + n**3 + 5*n**2/2 - 109*n. Calculate x(6).
-31
Let o(g) be the third derivative of g**6/120 + g**5/20 - g**4/8 - g**3 - 164*g**2. Suppose 0 = 4*d - d - 18. Let z = d + -10. Calculate o(z).
-10
Let b(d) = d**2 - 10*d - 8. Let q(p) = 24*p - 133. Let u be q(6). Calculate b(u).
3
Suppose -8*t = 8*t + 128. Let o(i) = i - 1. Give o(t).
-9
Let j(v) = -3*v**2 - 94. Let r(k) = k**2 + 32. Let h(y) = 3*j(y) + 8*r(y). What is h(0)?
-26
Let h(v) = -1098*v + 553*v + 544*v + 12. Determine h(12).
0
Let s(a) = 1 - 28*a - 5*a + 32*a. Calculate s(7).
-6
Let c(r) = r**3 + 7*r**2 - 8*r. Let j(z) = 3*z + 2. Let s be j(-2). Let q be 9/(-12)*s + -11. Determine c(q).
0
Let r = -11 - -14. Let k(d) = 2 - 1 - 5 - r*d - 5. Calculate k(-6).
9
Let x be 448/21 + (-2)/(-3). Let k be (-2)/((-4)/x) + -4. Suppose -k*u = -11*u + 16. Let n(p) = p. Determine n(u).
4
Let j = 40 - 24. Let c = 16 - j. Suppose c*q + 4*q - 16 = 0, -32 = -4*s - 2*q. Let d(y) = y**3 - 6*y**2 - 3*y + 4. Calculate d(s).
-14
Let b(h) = h**3 - 5*h**2 + 7*h + 3. Let y(q) = -3*q**3 + 15*q**2 - 23*q - 8. Let j(r) = 7*b(r) + 2*y(r). Calculate j(4).
1
Let b be (0/11)/((-2)/2). Let z(v) be the third derivative of b + 0*v - 7*v**2 + 7/6*v**3 + 1/6*v**4 + 1/15*v**5 - 1/120*v**6. Give z(5).
2
Let n = 19 + -24. Let s(z) be the first derivative of -2*z**2 - 3*z + 505. What is s(n)?
17
Let q(d) be the third derivative of 1/20*d**5 + 1/4*d**4 - 1/3*d**3 - 1/120*d**6 + 0 + 0*d - 20*d**2. Calculate q(5).
-22
Suppose a - 4 = 3*r, 0*r - r + 8 = 2*a. Let w(c) = 1 + r + 8 - c - 4. Calculate w(3).
2
Let x(z) = -13*z - 14. Let y(o) = 6*o + 7. Let p(m) = 4*x(m) + 9*y(m). Let g(j) = -25*j + 346. Let c be g(14). What is p(c)?
-1
Let a(t) = -2 - 11 + 2 - 3*t + 2*t. Let b = 301 - 314. Calculate a(b).
2
Let o be (-60)/(-8) - (-1)/(-2). Let x = -3 + 5. Let l(z) = -z**3 + 5*z**x + 8 + 2*z**2 - 1 - o*z. What is l(6)?
1
Let f(v) be the first derivative of -v**3/3 + v**2 - 2*v + 1. Suppose -3*k = 11 - 17. Let o be ((-9)/(-2) - k)*2 + -2. Determine f(o).
-5
Suppose 4*u + 12 = -5*i + 73, 4*i = 5*u + 16. Let x(j) = 16*j - 19*j - 1 + i*j. Determine x(3).
17
Let c(s) = 2*s - 1. Let p(k) = 11*k - 1. Let o(y) = 5*c(y) - p(y). Let n = 6 + -3. What is o(n)?
-7
Let z be -1 + 1*(6 + 3). Let r(s) = -6*s + z*s + 1 - 3 - 2. Calculate r(-4).
-12
Let f be 10/(-4)*30/(-25). Suppose -3*v - f = 15. Let k(n) = -n**2 - 4*n - 4. Determine k(v).
-16
Suppose -5*k + 0*k - 21 = -4*q, 0 = 3*k + 15. Let w(h) be the third derivative of h**4/4 - 5*h**2. Give w(q).
-6
Let l(u) = u + 17. Let g be l(9). Let x(c) = 6*c + 12*c + 7*c + c**2 - g*c. What is x(3)?
6
Let l be (-1 - 0) + (0 - -6). Suppose l*p + 5 = 0, 2*g = 6*g + p + 25. Let k(r) = -6*r - 30. Let f(h) = 5*h + 25. Let n(x) = 7*f(x) + 6*k(x). Determine n(g).
1
Suppose 0 = 6*m + 302 - 254. Let l(u) = u - 1. What is l(m)?
-9
Let d(o) = 2*o**2 - 5. Suppose -4*b = 2*i - 20, i - 7 = -6*b + 5*b. Calculate d(b).
13
Suppose 25*h - 20*h = 25. Let g(y) = -y**3 + 3*y**2 + 8*y - 3. Give g(h).
-13
Let k(o) = -o**3 - 6*o**2 - 4*o - 5. Let x be k(-5). Suppose -2*g + 2*q = -3*g + 28, -4*q - 4 = 0. Let v be 36/g*x/3. Let p(u) = 2*u + 5. Determine p(v).
-3
Let g be 0 + 4 - (1 - 4). Let k be 69/g - 6/(-42). Let u(n) = n - k + 14 - 2*n - 2*n**2. Determine u(3).
-17
Let s(g) = -14*g + 3. Let b(d) = 8*d - 2. Let h(f) = -8*b(f) - 5*s(f). Let n = 1 - 2. What is h(n)?
-5
Let v(x) = x + 17. Suppose l + 4*l - z + 80 = 0, -48 = 4*l - 4*z. Determine v(l).
0
Let u(x) = 2*x + 35. Let i(f) = f + 19. Let n(z) = -11*i(z) + 6*u(z). Determine n(-6).
-5
Let p(f) = -3*f + 22. Let i(o) = -o**3 + 2*o**2 + o + 15. Let w be i(0). Determine p(w).
-23
Let v(y) = -3*y - 340 + 16*y**2 - 15*y**2 + 342. Give v(5).
12
Let h be (13 - 11)/(4/(-2)). Let y be ((-2)/(-7))/(h/(-7)). Let g(a) = -5*a**3 + 9*a**3 - 3*a**3 - 2*a + 2*a**2. Determine g(y).
12
Suppose -25*z = 3*c - 21*z - 13, -2*c = -3*z - 3. Let x(i) = -i + 5. Determine x(c).
2
Let s(k) be the second derivative of k**6/720 - k**4/12 - k. Let h(a) be the third derivative of s(a). Let x = -1671 - -1675. Give h(x).
4
Let r = 4 - 4. Let y be r*((-12)/(-9))/(-4). Let h(v) be the third derivative of v**6/120 - v**5/60 + v**4/24 - 5*v**3/6 + 2*v**2. Give h(y).
-5
Let b be (-14 + 14)*2/4. Suppose 3 = -b*t - 3*t. Let q be t*3/((-3)/5). Let s(u) = -u - 1. Give s(q).
-6
Suppose 0 = 8*v - 12*v + 16. Let m be 15/6*18/15. Let k(p) = m + 8*p - 6*p - 4*p. Determine k(v).
-5
Let t(l) = -4*l + 7. Let j(y) = y - 4. Let r be j(9). What is t(r)?
-13
Let r(o) = 7*o**2 + 2*o + 4. Let y(n) = -12*n**2 - 4*n - 7. Let g(i) = -7*r(i) - 4*y(i). Suppose -2*b = d, -3*b = 5*d - 1 - 6. What is g(d)?
0
Let g(q) = -57 + 23 + 33 + 11*q. Give g(3).
32
Suppose 0 = -39*i + 37*i + 26. Let w(u) = 8*u - i*u - 11 + 4*u. Let h(v) = v**2 - 8*v + 6. Let c be h(6). What is w(c)?
-5
Let j be 4/(8/(-2))*1. Let q be (2 + j)/((-2)/(-10)). Suppose q*z = 10*z + 10. Let c(d) = 2*d**3 + 4*d**2 + 2*d - 2. Calculate c(z).
-6
Let a = -47 - -39. Let t(j) be the third derivative of j**6/120 + 7*j**5/60 - 3*j**4/8 - 5*j**3/6 - 10*j**2. Determine t(a).
3
Let s(v) = -v**2 - 49*v - 94. Let j be s(-47). Let y(i) = 3*i - 4. What is y(j)?
-4
Suppose 25*c - 24*c = 5. Let p(k) = -2*k + 4. Calculate p(c).
-6
Let v(d) = -1866 + 1863 - 3*d + 20*d. Determine v(3).
48
Let v(o) = -o**3 - 5*o**2 - 5*o - 6. Let d(s) be the first derivative of s**4/4 + s**3/3 + s**2/2 + 2*s + 24. Let p be d(-2). Determine v(p).
-2
Let i(c) = c + 1. Let f be i(0). Let k be (8 + -1)*f - 2. Let s(w) = 3*w - 376 + 176 + 194. Give s(k).
9
Let q(h) = h**3 - 8*h**2 - 10*h + 9. Let m = 349 + -340. Give q(m).
0
Let f(y) = 3*y**2 - 2*y - 16. Let x(d) = -2*d**2 + 2*d + 13. Let l(c) = 4*f(c) + 5*x(c). What is l(-3)?
13
Let g(b) = b**3 - 20*b**2 + 2*b - 40. Let o be g(20). Let f(c) = -c**3 - c**2 - c + 12. Give f(o).
12
Let t(r) = -r + 4. Let p(k) = -k**3 - 5*k**2 - 2*k - 6. Let x be p(-5). Let d be t(x). Let l(j) = j**3 - j**2 - j + 16. Determine l(d).
16
Let a(y) = -3*y + 165 - 44*y**2 - 166 - 48*y**2 + 89*y**2. Let z = 6 + -8. Give a(z).
-7
Let u(h) = 1 + 61*h - 198*h + 65*h + 69*h. Calculate u(1).
-2
Let j(d) = d**2 + 12*d + 8. Suppose 25*h - 14*h = -132. Calculate j(h).
8
Let q(g) = 4*g. Suppose 0*r - 8 = -2*r. Suppose 9 = 3*h - 3*p, -3 = r*h - 5*p - 13. Calculate q(h).
20
Suppose 5*g + 5*h = 0, g + 4*g - 12 = h. Let a(q) be the third derivative of q**5/20 - q**3/3 - 256*q**2. Determine a(g).
10
Let z(f) = f**3 + 13*f**2 + 12*f - f**2 - f**2 - 9*f**